thousands digit of 23599?
3
What is the tens digit of 1252?
5
What is the hundreds digit of 1709?
7
What is the hundreds digit of 2360?
3
What is the thousands digit of 18507?
8
What is the units digit of 29304?
4
What is the hundreds digit of 1196?
1
What is the hundreds digit of 835?
8
What is the units digit of 15415?
5
What is the tens digit of 13051?
5
What is the thousands digit of 5699?
5
What is the thousands digit of 160213?
0
What is the units digit of 8972?
2
What is the thousands digit of 24799?
4
What is the hundreds digit of 17685?
6
What is the hundreds digit of 6193?
1
What is the units digit of 68091?
1
What is the units digit of 3722?
2
What is the tens digit of 231?
3
What is the thousands digit of 1097?
1
What is the ten thousands digit of 50357?
5
What is the hundreds digit of 15924?
9
What is the hundreds digit of 295?
2
What is the units digit of 2138?
8
What is the tens digit of 63832?
3
What is the thousands digit of 11173?
1
What is the ten thousands digit of 54454?
5
What is the units digit of 47278?
8
What is the tens digit of 40?
4
What is the hundreds digit of 2455?
4
What is the tens digit of 18629?
2
What is the thousands digit of 82424?
2
What is the tens digit of 4009?
0
What is the hundreds digit of 599?
5
What is the units digit of 7818?
8
What is the tens digit of 5609?
0
What is the tens digit of 93547?
4
What is the hundreds digit of 215?
2
What is the units digit of 14848?
8
What is the thousands digit of 24131?
4
What is the tens digit of 18787?
8
What is the hundreds digit of 309?
3
What is the thousands digit of 12334?
2
What is the thousands digit of 1302?
1
What is the units digit of 2169?
9
What is the hundreds digit of 131280?
2
What is the thousands digit of 17294?
7
What is the ten thousands digit of 178756?
7
What is the tens digit of 21322?
2
What is the units digit of 9690?
0
What is the hundreds digit of 35904?
9
What is the thousands digit of 1170?
1
What is the thousands digit of 1013?
1
What is the units digit of 3954?
4
What is the units digit of 109?
9
What is the tens digit of 18238?
3
What is the hundreds digit of 7674?
6
What is the ten thousands digit of 129307?
2
What is the units digit of 3555?
5
What is the thousands digit of 65979?
5
What is the units digit of 1064?
4
What is the units digit of 309?
9
What is the units digit of 152532?
2
What is the units digit of 6103?
3
What is the tens digit of 4087?
8
What is the tens digit of 14321?
2
What is the units digit of 1019?
9
What is the ten thousands digit of 29940?
2
What is the thousands digit of 33184?
3
What is the hundreds digit of 2348?
3
What is the tens digit of 7712?
1
What is the hundreds digit of 9355?
3
What is the units digit of 13082?
2
What is the thousands digit of 1435?
1
What is the tens digit of 27043?
4
What is the units digit of 5345?
5
What is the ten thousands digit of 19557?
1
What is the thousands digit of 7196?
7
What is the hundreds digit of 94028?
0
What is the thousands digit of 181018?
1
What is the hundreds digit of 10970?
9
What is the units digit of 908?
8
What is the ten thousands digit of 21149?
2
What is the tens digit of 2351?
5
What is the thousands digit of 2128?
2
What is the hundreds digit of 1845?
8
What is the thousands digit of 6319?
6
What is the hundreds digit of 5147?
1
What is the units digit of 8852?
2
What is the hundreds digit of 98445?
4
What is the thousands digit of 2032?
2
What is the thousands digit of 58954?
8
What is the ten thousands digit of 10901?
1
What is the hundreds digit of 3002?
0
What is the tens digit of 2656?
5
What is the hundreds digit of 51936?
9
What is the hundreds digit of 1283?
2
What is the units digit of 2539?
9
What is the ten thousands digit of 35696?
3
What is the units digit of 417?
7
What is the tens digit of 18164?
6
What is the thousands digit of 29599?
9
What is the hundreds digit of 676?
6
What is the hundreds digit of 3873?
8
What is the units digit of 6352?
2
What is the hundreds digit of 264?
2
What is the hundreds digit of 4170?
1
What is the hundreds digit of 57518?
5
What is the thousands digit of 67648?
7
What is the ten thousands digit of 62166?
6
What is the hundreds digit of 2112?
1
What is the units digit of 4773?
3
What is the hundreds digit of 3036?
0
What is the hundreds digit of 198?
1
What is the units digit of 29561?
1
What is the thousands digit of 88139?
8
What is the hundreds digit of 140878?
8
What is the ten thousands digit of 13320?
1
What is the hundreds digit of 22838?
8
What is the thousands digit of 20088?
0
What is the hundreds digit of 180661?
6
What is the hundreds digit of 29741?
7
What is the hundreds digit of 3242?
2
What is the units digit of 15097?
7
What is the thousands digit of 1012?
1
What is the hundreds digit of 204?
2
What is the units digit of 1730?
0
What is the thousands digit of 21745?
1
What is the thousands digit of 57792?
7
What is the thousands digit of 81987?
1
What is the hundreds digit of 201?
2
What is the hundreds digit of 6718?
7
What is the ten thousands digit of 12548?
1
What is the tens digit of 1866?
6
What is the thousands digit of 3090?
3
What is the tens digit of 23309?
0
What is the units digit of 6890?
0
What is the units digit of 3027?
7
What is the thousands digit of 111868?
1
What is the thousands digit of 13843?
3
What is the units digit of 1668?
8
What is the hundreds digit of 8560?
5
What is the hundreds digit of 2289?
2
What is the thousands digit of 1594?
1
What is the hundreds digit of 14383?
3
What is the tens digit of 1088?
8
What is the tens digit of 44591?
9
What is the units digit of 2554?
4
What is the hundreds digit of 784?
7
What is the thousands digit of 6808?
6
What is the tens digit of 28085?
8
What is the hundreds digit of 129414?
4
What is the tens digit of 1079?
7
What is the thousands digit of 54805?
4
What is the ten thousands digit of 12840?
1
What is the units digit of 1799?
9
What is the units digit of 3439?
9
What is the units digit of 2?
2
What is the hundreds digit of 72537?
5
What is the units digit of 4911?
1
What is the units digit of 62613?
3
What is the tens digit of 1524?
2
What is the units digit of 33679?
9
What is the tens digit of 9532?
3
What is the tens digit of 19085?
8
What is the hundreds digit of 5978?
9
What is the hundreds digit of 886?
8
What is the hundreds digit of 15803?
8
What is the hundreds digit of 7606?
6
What is the ten thousands digit of 11362?
1
What is the thousands digit of 3718?
3
What is the hundreds digit of 2443?
4
What is the hundreds digit of 70834?
8
What is the units digit of 23613?
3
What is the units digit of 636?
6
What is the thousands digit of 7573?
7
What is the hundreds digit of 1894?
8
What is the thousands digit of 1213?
1
What is the hundreds digit of 8579?
5
What is the tens digit of 7419?
1
What is the units digit of 19023?
3
What is the units digit of 18035?
5
What is the units digit of 1693?
3
What is the thousands digit of 9388?
9
What is the tens digit of 8343?
4
What is the thousands digit of 15343?
5
What is the tens digit of 698?
9
What is the thousands digit of 2171?
2
What is the tens digit of 711?
1
What is the hundreds digit of 5800?
8
What is the hundreds digit of 13280?
2
What is the hundreds digit of 8528?
5
What is the ten thousands digit of 52798?
5
What is the thousands digit of 57074?
7
What is the hundreds digit of 299?
2
What is the tens digit of 753?
5
What is the ten thousands digit of 24530?
2
What is the thousands digit of 107476?
7
What is the units digit of 1139?
9
What is the tens digit of 475?
7
What is the ten thousands digit of 59372?
5
What is the hundreds digit of 41891?
8
What is the units digit of 45784?
4
What is the ten thousands digit of 81995?
8
What is the thousands digit of 2813?
2
What is the hundreds digit of 1196?
1
What is the units digit of 15095?
5
What is the thousands digit of 18183?
8
What is the hundreds digit of 28468?
4
What is the ten thousands digit of 62991?
6
What is the hundreds digit of 597?
5
What is the thousands digit of 58353?
8
What is the thousands digit of 1506?
1
What is the units digit of 742?
2
What is the thousands digit of 33200?
3
What is the thousands digit of 5823?
5
What is the hundreds digit of 10488?
4
What is the thou